n 9180 is divided by 69?
3
Calculate the remainder when 221930 is divided by 2999.
4
Calculate the remainder when 24829 is divided by 3488.
413
Calculate the remainder when 74385 is divided by 3719.
5
Calculate the remainder when 1012914 is divided by 276.
270
Calculate the remainder when 1316 is divided by 325.
16
Calculate the remainder when 194145 is divided by 61.
43
Calculate the remainder when 21866 is divided by 10845.
176
What is the remainder when 30827 is divided by 30825?
2
What is the remainder when 76778 is divided by 392?
338
Calculate the remainder when 501 is divided by 443.
58
Calculate the remainder when 36847 is divided by 273.
265
Calculate the remainder when 62935 is divided by 20974.
13
What is the remainder when 22864 is divided by 231?
226
Calculate the remainder when 3532 is divided by 328.
252
Calculate the remainder when 12510 is divided by 85.
15
What is the remainder when 10997 is divided by 291?
230
Calculate the remainder when 30642 is divided by 6105.
117
What is the remainder when 7193 is divided by 26?
17
Calculate the remainder when 8574 is divided by 522.
222
Calculate the remainder when 380965 is divided by 1924.
13
Calculate the remainder when 781198 is divided by 30.
28
Calculate the remainder when 413739 is divided by 302.
301
What is the remainder when 14031 is divided by 52?
43
Calculate the remainder when 188460 is divided by 37687.
25
Calculate the remainder when 4730 is divided by 4.
2
Calculate the remainder when 928 is divided by 226.
24
Calculate the remainder when 53128 is divided by 17706.
10
Calculate the remainder when 723 is divided by 76.
39
What is the remainder when 59384 is divided by 5934?
44
Calculate the remainder when 15653 is divided by 5210.
23
Calculate the remainder when 16336 is divided by 148.
56
Calculate the remainder when 5158 is divided by 745.
688
Calculate the remainder when 2251 is divided by 317.
32
Calculate the remainder when 37370 is divided by 18662.
46
Calculate the remainder when 119909 is divided by 42.
41
What is the remainder when 1297 is divided by 1283?
14
Calculate the remainder when 20326 is divided by 1563.
7
What is the remainder when 154563 is divided by 77273?
17
What is the remainder when 142813 is divided by 202?
201
Calculate the remainder when 30010 is divided by 3731.
162
What is the remainder when 22064 is divided by 577?
138
What is the remainder when 6557 is divided by 1598?
165
Calculate the remainder when 12892 is divided by 7.
5
What is the remainder when 817404 is divided by 9?
6
Calculate the remainder when 1580 is divided by 86.
32
What is the remainder when 9860 is divided by 547?
14
What is the remainder when 3594 is divided by 1411?
772
Calculate the remainder when 16450916 is divided by 12.
8
What is the remainder when 213644 is divided by 336?
284
What is the remainder when 356767 is divided by 458?
443
Calculate the remainder when 20494 is divided by 317.
206
Calculate the remainder when 4687 is divided by 2034.
619
What is the remainder when 83556 is divided by 41745?
66
What is the remainder when 171493 is divided by 283?
278
Calculate the remainder when 2245 is divided by 2183.
62
Calculate the remainder when 407 is divided by 148.
111
What is the remainder when 2387 is divided by 119?
7
Calculate the remainder when 16997 is divided by 5657.
26
What is the remainder when 7555 is divided by 868?
611
What is the remainder when 37952 is divided by 171?
161
Calculate the remainder when 823713 is divided by 783.
780
Calculate the remainder when 16232 is divided by 11.
7
Calculate the remainder when 8385 is divided by 88.
25
Calculate the remainder when 468 is divided by 176.
116
Calculate the remainder when 351709 is divided by 16.
13
What is the remainder when 8597 is divided by 1210?
127
Calculate the remainder when 3235 is divided by 29.
16
What is the remainder when 3661 is divided by 585?
151
Calculate the remainder when 1148058 is divided by 229611.
3
Calculate the remainder when 4067 is divided by 64.
35
What is the remainder when 13263 is divided by 2646?
33
What is the remainder when 895306 is divided by 142?
138
Calculate the remainder when 431195 is divided by 50.
45
Calculate the remainder when 43735 is divided by 2421.
157
Calculate the remainder when 8425 is divided by 4209.
7
What is the remainder when 2140 is divided by 305?
5
What is the remainder when 26684 is divided by 76?
8
What is the remainder when 3082 is divided by 142?
100
Calculate the remainder when 78252 is divided by 1956.
12
What is the remainder when 481018 is divided by 92?
42
Calculate the remainder when 296531 is divided by 98841.
8
Calculate the remainder when 46326 is divided by 925.
76
Calculate the remainder when 74247 is divided by 22.
19
What is the remainder when 271887 is divided by 531?
15
Calculate the remainder when 104798 is divided by 377.
369
Calculate the remainder when 41357 is divided by 1322.
375
Calculate the remainder when 15009 is divided by 1663.
42
Calculate the remainder when 162123 is divided by 8532.
15
What is the remainder when 34789 is divided by 299?
105
Calculate the remainder when 89331 is divided by 4.
3
Calculate the remainder when 12676 is divided by 170.
96
What is the remainder when 14356 is divided by 37?
0
Calculate the remainder when 371038 is divided by 55.
8
Calculate the remainder when 116769 is divided by 74.
71
What is the remainder when 3285644 is divided by 15?
14
Calculate the remainder when 502 is divided by 234.
34
What is the remainder when 29675 is divided by 5928?
35
Calculate the remainder when 23903 is divided by 23892.
11
Calculate the remainder when 1798 is divided by 303.
283
What is the remainder when 73 is divided by 16?
9
What is the remainder when 166914 is divided by 183?
18
Calculate the remainder when 449862 is divided by 585.
582
Calculate the remainder when 1235 is divided by 360.
155
Calculate the remainder when 51940 is divided by 16873.
1321
What is the remainder when 195 is divided by 41?
31
Calculate the remainder when 22115 is divided by 4416.
35
Calculate the remainder when 25930 is divided by 25897.
33
Calculate the remainder when 204829 is divided by 32.
29
Calculate the remainder when 17099 is divided by 486.
89
What is the remainder when 16575 is divided by 202?
11
What is the remainder when 4836 is divided by 10?
6
What is the remainder when 368148 is divided by 59?
47
Calculate the remainder when 140 is divided by 58.
24
Calculate the remainder when 2010944 is divided by 239.
237
What is the remainder when 60769 is divided by 30384?
1
What is the remainder when 1304 is divided by 20?
4
Calculate the remainder when 42460 is divided by 21228.
4
Calculate the remainder when 2320 is divided by 18.
16
Calculate the remainder when 528 is divided by 54.
42
Calculate the remainder when 269811 is divided by 579.
576
What is the remainder when 58088 is divided by 21?
2
Calculate the remainder when 90486 is divided by 30158.
12
What is the remainder when 3555 is divided by 3401?
154
Calculate the remainder when 2278 is divided by 115.
93
What is the remainder when 8807 is divided by 19?
10
What is the remainder when 12732 is divided by 1272?
12
What is the remainder when 519 is divided by 428?
91
What is the remainder when 74394 is divided by 322?
12
What is the remainder when 764 is divided by 418?
346
Calculate the remainder when 15190 is divided by 9.
7
What is the remainder when 4193 is divided by 393?
263
What is the remainder when 333692 is divided by 9?
8
What is the remainder when 85714 is divided by 85689?
25
What is the remainder when 3230 is divided by 2732?
498
Calculate the remainder when 597718 is divided by 119542.
8
Calculate the remainder when 41820 is divided by 13.
12
What is the remainder when 4438 is divided by 4427?
11
What is the remainder when 967445 is divided by 13?
11
Calculate the remainder when 3897099 is divided by 13.
11
What is the remainder when 829510 is divided by 69?
61
Calculate the remainder when 61401 is divided by 35.
11
Calculate the remainder when 13434 is divided by 374.
344
What is the remainder when 109720 is divided by 2?
0
Calculate the remainder when 2914 is divided by 1014.
886
Calculate the remainder when 546 is divided by 12.
6
